{"id":1099,"date":"2015-07-10T13:09:35","date_gmt":"2015-07-10T13:09:35","guid":{"rendered":"http:\/\/stylemixthemes.com\/masterstudy\/demo\/?page_id=1099"},"modified":"2025-07-07T10:49:06","modified_gmt":"2025-07-07T08:49:06","slug":"front-page-2","status":"publish","type":"page","link":"https:\/\/www.hlwkrieglach.at\/hlwneu\/","title":{"rendered":"Startseite"},"content":{"rendered":"<div class=\"wpb-content-wrapper\"><p>[vc_row full_width=&#8220;stretch_row_content_no_spaces&#8220; css=&#8220;.vc_custom_1432531325225{margin-bottom: 0px !important;}&#8220;][vc_column][rev_slider_vc alias=&#8220;home_slider&#8220;][\/vc_column][\/vc_row][vc_row full_width=&#8220;stretch_row&#8220; css=&#8220;.vc_custom_1661967865418{margin-top: 0px !important;margin-right: 0px !important;margin-bottom: 28px !important;margin-left: 0px !important;}&#8220; el_class=&#8220;overflowed_content&#8220; el_id=&#8220;homeboxen&#8220;][vc_column width=&#8220;1\/4&#8243; css=&#8220;.vc_custom_1434610589736{margin-top: -148px !important;padding-right: 0px !important;padding-left: 0px !important;}&#8220;][stm_icon_box hover_pos=&#8220;none&#8220; icon=&#8220;fa-icon-stm_icon_book_stack&#8220; icon_size=&#8220;73&#8243; icon_height=&#8220;69&#8243; icon_color=&#8220;#ffffff&#8220; title=&#8220;1-j\u00e4hrige Fachschule f\u00fcr wirtschaftliche Berufe&#8220; box_bg_color=&#8220;#0175b2&#8243; box_text_color=&#8220;#ffffff&#8220; css=&#8220;.vc_custom_1666165094093{padding-top: 30px !important;padding-right: 32px !important;padding-bottom: 50px !important;padding-left: 32px !important;}&#8220; link=&#8220;url:https%3A%2F%2Fwww.hlwkrieglach.at%2Fhlwneu%2Fausbildung%2F1-jaehrige-fachschule%2F|title:1-j%C3%A4hrige%20Fachschule%20f%C3%BCr%20wirtschaftliche%20Berufe&#8220;]Die 1-j\u00e4hrige Fachschule ist die optimale Vorbereitung f\u00fcr den Einstieg in den Lehrberuf.[\/stm_icon_box][\/vc_column][vc_column width=&#8220;1\/4&#8243; css=&#8220;.vc_custom_1434610598979{margin-top: -148px !important;padding-right: 0px !important;padding-left: 0px !important;}&#8220;][stm_icon_box hover_pos=&#8220;none&#8220; icon=&#8220;fas fa-heartbeat&#8220; icon_size=&#8220;61&#8243; icon_height=&#8220;69&#8243; icon_color=&#8220;#ffffff&#8220; title=&#8220;Fachschule f\u00fcr Sozialberufe&#8220; box_bg_color=&#8220;#ce1719&#8243; box_text_color=&#8220;#ffffff&#8220; css=&#8220;.vc_custom_1731926304242{padding-top: 30px !important;padding-right: 32px !important;padding-bottom: 50px !important;padding-left: 32px !important;}&#8220; link=&#8220;url:https%3A%2F%2Fwww.hlwkrieglach.at%2Fhlwneu%2Fausbildung%2Fsozialfachschule%2F|title:3-j%C3%A4hrige%20Fachschule%20f%C3%BCr%20Sozialberufe%20%2B%20Pflege&#8220;]Die 3-j\u00e4hrige Fachschule ist eine optimale Basis f\u00fcr Berufe im Gesundheits- und Sozialbereich.<\/p>\n<p>&nbsp;[\/stm_icon_box][\/vc_column][vc_column width=&#8220;1\/4&#8243; css=&#8220;.vc_custom_1434610604765{margin-top: -148px !important;padding-right: 0px !important;padding-left: 0px !important;}&#8220;][stm_icon_box hover_pos=&#8220;none&#8220; icon=&#8220;fa fa-hand-holding-heart&#8220; icon_size=&#8220;62&#8243; icon_height=&#8220;69&#8243; icon_color=&#8220;#ffffff&#8220; title=&#8220;HLW | Ern\u00e4hrung, Gesundheit und Sport&#8220; box_bg_color=&#8220;#147333&#8243; box_text_color=&#8220;#ffffff&#8220; link=&#8220;url:https%3A%2F%2Fwww.hlwkrieglach.at%2Fhlwneu%2Fausbildung%2Fhlw%2F|title:H%C3%B6here%20Lehranstalt%20f%C3%BCr%20wirtschaftliche%20Berufe&#8220;]Die 5-j\u00e4hrige H\u00f6here Lehranstalt schlie\u00dft mit der Reife- und Diplompr\u00fcfung ab.[\/stm_icon_box][\/vc_column][vc_column width=&#8220;1\/4&#8243; css=&#8220;.vc_custom_1434610618578{margin-top: -148px !important;padding-right: 0px !important;padding-left: 0px !important;}&#8220;][stm_icon_box hover_pos=&#8220;none&#8220; icon=&#8220;fas fa-camera&#8220; icon_size=&#8220;57&#8243; icon_height=&#8220;69&#8243; icon_color=&#8220;#ffffff&#8220; title=&#8220;HLW | Social Media, Design und Kreativit\u00e4t&#8220; box_bg_color=&#8220;#6d38b7&#8243; box_text_color=&#8220;#ffffff&#8220; link=&#8220;url:https%3A%2F%2Fwww.hlwkrieglach.at%2Fhlwneu%2Fhlw-medien%2F|title:HLW%20-%20Vertiefung%20Medien&#8220;]Seit 2022 wird die 5-j\u00e4hrige HLW auch mit Medien-Vertiefung angeboten.[\/stm_icon_box][\/vc_column][\/vc_row][vc_row css=&#8220;.vc_custom_1436164243861{margin-bottom: 28px !important;}&#8220;][vc_column][vc_custom_heading text=&#8220;Aktuelles aus dem Schulalltag&#8220; font_container=&#8220;tag:h2|font_size:32|text_align:center|line_height:48px&#8220; google_fonts=&#8220;font_family:Montserrat%3Aregular%2C700|font_style:700%20bold%20regular%3A700%3Anormal&#8220;][vc_row_inner css=&#8220;.vc_custom_1436164020002{margin-bottom: 27px !important;}&#8220;][vc_column_inner][stm_color_separator color=&#8220;#0175b2&#8243; css=&#8220;.vc_custom_1661792201247{margin-top: 7px !important;margin-bottom: 0px !important;}&#8220;][\/vc_column_inner][\/vc_row_inner][vc_row_inner][vc_column_inner][stm_post_list post_list_per_row=&#8220;3&#8243; post_list_show_date=&#8220;true&#8220; post_list_per_page=&#8220;9&#8243;][\/vc_column_inner][\/vc_row_inner][vc_btn title=&#8220;Alle Newsbeitr\u00e4ge ansehen&#8220; color=&#8220;warning&#8220; align=&#8220;center&#8220; i_icon_fontawesome=&#8220;fa fa-angle-double-right&#8220; add_icon=&#8220;true&#8220; link=&#8220;url:https%3A%2F%2Fwww.hlwkrieglach.at%2Fhlwneu%2Fnews%2F|title:Alle%20Newsbeitr%C3%A4ge%20ansehen&#8220;][\/vc_column][\/vc_row][vc_row full_width=&#8220;stretch_row&#8220; parallax=&#8220;content-moving-fade&#8220; parallax_image=&#8220;5827&#8243; css=&#8220;.vc_custom_1661795481373{padding-top: 29px !important;padding-bottom: 60px !important;}&#8220; el_class=&#8220;stm_fixed_background&#8220;][vc_column][vc_custom_heading text=&#8220;Wir sind stolz auf&#8220; font_container=&#8220;tag:h2|font_size:32|text_align:center|color:%23ffffff|line_height:48px&#8220; google_fonts=&#8220;font_family:Montserrat%3Aregular%2C700|font_style:700%20bold%20regular%3A700%3Anormal&#8220;][vc_row_inner][vc_column_inner][stm_color_separator css=&#8220;.vc_custom_1661795892663{margin-top: 7px !important;margin-bottom: 27px !important;}&#8220;][\/vc_column_inner][\/vc_row_inner][vc_row_inner css=&#8220;.vc_custom_1436163882282{margin-bottom: 46px !important;}&#8220;][vc_column_inner width=&#8220;1\/4&#8243;][stm_stats_counter counter_value=&#8220;67&#8243; icon=&#8220;fa fa-calendar&#8220; icon_height=&#8220;72&#8243; title=&#8220;Jahre seit der Gr\u00fcndung&#8220; icon_text_color=&#8220;#ffffff&#8220;][\/vc_column_inner][vc_column_inner width=&#8220;1\/4&#8243;][stm_stats_counter counter_value=&#8220;475&#8243; icon=&#8220;fa-icon-stm_icon_users&#8220; icon_size=&#8220;71&#8243; icon_height=&#8220;72&#8243; title=&#8220;Klassen&#8220;][\/vc_column_inner][vc_column_inner width=&#8220;1\/4&#8243;][stm_stats_counter counter_value=&#8220;16729&#8243; icon=&#8220;fa-icon-stm_icon_graduation-hat&#8220; icon_height=&#8220;72&#8243; title=&#8220;Absolvent*innen&#8220;][\/vc_column_inner][vc_column_inner width=&#8220;1\/4&#8243;][stm_stats_counter counter_value=&#8220;37&#8243; icon=&#8220;fa-icon-stm_icon_briefcase&#8220; icon_height=&#8220;72&#8243; title=&#8220;Lehrer*innen&#8220;][\/vc_column_inner][\/vc_row_inner][stm_icon_button link_tooltip=&#8220;Aktuelle Newsbeitr\u00e4ge aus dem Schulalltag&#8220; btn_align=&#8220;center&#8220; btn_size=&#8220;btn-normal-size&#8220; button_color=&#8220;#ffffff&#8220; button_text_color_hover=&#8220;#eab830&#8243; button_bg_color=&#8220;rgba(255,255,255,0.01)&#8220; button_border_color=&#8220;#ffffff&#8220; button_border_color_hover=&#8220;#eab830&#8243; icon=&#8220;fas fa-angle-double-right&#8220; icon_size=&#8220;20&#8243; icon_color=&#8220;#ffffff&#8220; link=&#8220;url:https%3A%2F%2Fwww.hlwkrieglach.at%2Fhlwneu%2Fnews%2F|title:Infos%20und%20News%20aus%20dem%20Schulalltag&#8220; icon_bg_color=&#8220;rgba(255,255,255,0.01)&#8220;][\/vc_column][\/vc_row][vc_row][vc_column][vc_custom_heading text=&#8220;Auszeichnungen, Zertifikate und Kooperationspartner&#8220; font_container=&#8220;tag:h2|font_size:32|text_align:center|line_height:48px&#8220; google_fonts=&#8220;font_family:Montserrat%3Aregular%2C700|font_style:700%20bold%20regular%3A700%3Anormal&#8220;][vc_row_inner css=&#8220;.vc_custom_1436164020002{margin-bottom: 27px !important;}&#8220;][vc_column_inner][stm_color_separator color=&#8220;#0175b2&#8243; css=&#8220;.vc_custom_1661792201247{margin-top: 7px !important;margin-bottom: 0px !important;}&#8220;][\/vc_column_inner][\/vc_row_inner][vc_row_inner css=&#8220;.vc_custom_1436164020002{margin-bottom: 27px !important;}&#8220;][vc_column_inner width=&#8220;1\/6&#8243;][\/vc_column_inner][vc_column_inner width=&#8220;2\/3&#8243;][vc_gallery images=&#8220;7461,6037,6036,6035,6033,6034,6140&#8243; img_size=&#8220;full&#8220; css=&#8220;.vc_custom_1684572982911{padding-right: 39px !important;}&#8220;][\/vc_column_inner][vc_column_inner width=&#8220;1\/6&#8243;][\/vc_column_inner][\/vc_row_inner][vc_row_inner content_placement=&#8220;middle&#8220; css=&#8220;.vc_custom_1662402194967{margin-bottom: 27px !important;}&#8220;][vc_column_inner][vc_images_carousel images=&#8220;6966,6961,6963,6959,6964,6965,6967,6962,6970&#8243; img_size=&#8220;&#8220; slides_per_view=&#8220;7&#8243; autoplay=&#8220;yes&#8220; hide_pagination_control=&#8220;yes&#8220; wrap=&#8220;yes&#8220;][\/vc_column_inner][\/vc_row_inner][\/vc_column][\/vc_row][vc_row full_width=&#8220;stretch_row&#8220; css=&#8220;.vc_custom_1433848297784{margin-bottom: 0px !important;padding-top: 52px !important;padding-bottom: 46px !important;background-color: #eeeeee !important;}&#8220;][vc_column width=&#8220;3\/4&#8243;][stm_icon_box hover_pos=&#8220;none&#8220; icon=&#8220;fa-icon-stm_icon_book&#8220; icon_align=&#8220;left&#8220; icon_color=&#8220;#333333&#8243; box_text_color=&#8220;#555555&#8243; css=&#8220;.vc_custom_1661796083277{padding-top: 0px !important;padding-right: 20px !important;padding-bottom: 0px !important;padding-left: 8px !important;}&#8220;]<\/p>\n<h3><span style=\"color: #48a7d4;\">Sind noch Fragen offen?<\/span><\/h3>\n<p>Du hast noch Fragen zu unseren Ausbildungen oder m\u00f6chtest an der HLW Krieglach starten? Dann ruf einfach an, oder schreibe uns eine E-Mail. <strong>Wir freuen uns auf deine Nachricht.<\/strong>[\/stm_icon_box][\/vc_column][vc_column width=&#8220;1\/4&#8243;][vc_btn title=&#8220;Kontakt&#8220; color=&#8220;primary&#8220; size=&#8220;lg&#8220; align=&#8220;left&#8220; i_icon_fontawesome=&#8220;fas fa-angle-double-right&#8220; add_icon=&#8220;true&#8220; link=&#8220;url:https%3A%2F%2Fwww.hlwkrieglach.at%2Fhlwneu%2Fkontakt%2F|title:Kontakt&#8220;][\/vc_column][\/vc_row][vc_row disable_element=&#8220;yes&#8220;][vc_column][stm_testimonials style=&#8220;style_4&#8243; testimonials_slides_per_row=&#8220;2&#8243; testimonials_title=&#8220;Absolventenstimmen&#8220;][\/vc_column][\/vc_row]<\/p>\n<\/div>","protected":false},"excerpt":{"rendered":"<p>[vc_row full_width=&#8220;stretch_row_content_no_spaces&#8220; css=&#8220;.vc_custom_1432531325225{margin-bottom: 0px !important;}&#8220;][vc_column][rev_slider_vc alias=&#8220;home_slider&#8220;][\/vc_column][\/vc_row][vc_row full_width=&#8220;stretch_row&#8220; css=&#8220;.vc_custom_1661967865418{margin-top: 0px !important;margin-right: 0px !important;margin-bottom: 28px !important;margin-left: 0px !important;}&#8220; el_class=&#8220;overflowed_content&#8220; el_id=&#8220;homeboxen&#8220;][vc_column width=&#8220;1\/4&#8243; css=&#8220;.vc_custom_1434610589736{margin-top: -148px !important;padding-right: 0px !important;padding-left: 0px !important;}&#8220;][stm_icon_box hover_pos=&#8220;none&#8220; icon=&#8220;fa-icon-stm_icon_book_stack&#8220; icon_size=&#8220;73&#8243; icon_height=&#8220;69&#8243; icon_color=&#8220;#ffffff&#8220; title=&#8220;1-j\u00e4hrige Fachschule f\u00fcr wirtschaftliche Berufe&#8220; box_bg_color=&#8220;#0175b2&#8243; box_text_color=&#8220;#ffffff&#8220; css=&#8220;.vc_custom_1666165094093{padding-top: 30px !important;padding-right: 32px !important;padding-bottom: 50px !important;padding-left: 32px !important;}&#8220; link=&#8220;url:https%3A%2F%2Fwww.hlwkrieglach.at%2Fhlwneu%2Fausbildung%2F1-jaehrige-fachschule%2F|title:1-j%C3%A4hrige%20Fachschule%20f%C3%BCr%20wirtschaftliche%20Berufe&#8220;]Die 1-j\u00e4hrige Fachschule ist die optimale Vorbereitung f\u00fcr [&hellip;]<\/p>\n","protected":false},"author":1,"featured_media":0,"parent":0,"menu_order":0,"comment_status":"closed","ping_status":"closed","template":"","meta":{"footnotes":""},"class_list":["post-1099","page","type-page","status-publish","hentry"],"_links":{"self":[{"href":"https:\/\/www.hlwkrieglach.at\/hlwneu\/wp-json\/wp\/v2\/pages\/1099","targetHints":{"allow":["GET"]}}],"collection":[{"href":"https:\/\/www.hlwkrieglach.at\/hlwneu\/wp-json\/wp\/v2\/pages"}],"about":[{"href":"https:\/\/www.hlwkrieglach.at\/hlwneu\/wp-json\/wp\/v2\/types\/page"}],"author":[{"embeddable":true,"href":"https:\/\/www.hlwkrieglach.at\/hlwneu\/wp-json\/wp\/v2\/users\/1"}],"replies":[{"embeddable":true,"href":"https:\/\/www.hlwkrieglach.at\/hlwneu\/wp-json\/wp\/v2\/comments?post=1099"}],"version-history":[{"count":95,"href":"https:\/\/www.hlwkrieglach.at\/hlwneu\/wp-json\/wp\/v2\/pages\/1099\/revisions"}],"predecessor-version":[{"id":8963,"href":"https:\/\/www.hlwkrieglach.at\/hlwneu\/wp-json\/wp\/v2\/pages\/1099\/revisions\/8963"}],"wp:attachment":[{"href":"https:\/\/www.hlwkrieglach.at\/hlwneu\/wp-json\/wp\/v2\/media?parent=1099"}],"curies":[{"name":"wp","href":"https:\/\/api.w.org\/{rel}","templated":true}]}}