{"id":6078,"date":"2022-08-31T16:43:10","date_gmt":"2022-08-31T14:43:10","guid":{"rendered":"https:\/\/www.hlwkrieglach.at\/hlwneu\/?page_id=6078"},"modified":"2026-01-15T09:24:31","modified_gmt":"2026-01-15T08:24:31","slug":"hlw","status":"publish","type":"page","link":"https:\/\/www.hlwkrieglach.at\/hlwneu\/ausbildung\/hlw\/","title":{"rendered":"H\u00f6here Lehranstalt f\u00fcr wirtschaftliche Berufe"},"content":{"rendered":"<div class=\"wpb-content-wrapper\"><p>[vc_row css=&#8220;.vc_custom_1435816078010{margin-bottom: 15px !important;}&#8220;][vc_column width=&#8220;1\/2&#8243;][vc_column_text css=&#8220;.vc_custom_1666166153339{margin-bottom: 32px !important;}&#8220;]Die 5-j\u00e4hrige HLW schlie\u00dft mit der Reife- und Diplompr\u00fcfung ab. Neben der allgemeinen, wirtschaftlichen und gastronomischen Ausbildung besch\u00e4ftigst du dich in der Vertiefung au\u00dferdem theoretisch und praktisch mit Sport, Ern\u00e4hrung und Gesundheitsf\u00f6rderung. Dabei werden Themen wie Sportphysiologie und -anatomie, verschiedene Trainingsmethoden und M\u00f6glichkeiten zur Stresspr\u00e4vention behandelt. Fun und Action beim Ausprobieren der Trendsportarten ist dabei garantiert.[\/vc_column_text][vc_separator color=&#8220;custom&#8220; align=&#8220;align_left&#8220; border_width=&#8220;3&#8243; el_width=&#8220;30&#8243; accent_color=&#8220;#147333&#8243;][vc_column_text css=&#8220;.vc_custom_1666166219210{margin-bottom: 32px !important;}&#8220;]<\/p>\n<h3>Was erwartet dich?<\/h3>\n<ul>\n<li><strong>sportliche Aktivit\u00e4ten und gesunde Ern\u00e4hrung im Fokus<\/strong><\/li>\n<li>fundierte Ausbildung in Ern\u00e4hrung und Lebensmitteltechnologie, Gastronomie und Hotellerie<\/li>\n<li>praxisorientierte wirtschaftliche Bildung mit Junior Company<\/li>\n<li>Praktikum zwischen 3. und 4. Ausbildungsjahr (12 Wochen)<\/li>\n<li>Englisch und Spanisch mit Sch\u00fcleraustauschprojekt und Sprachwochen<\/li>\n<\/ul>\n<p>[\/vc_column_text][vc_separator color=&#8220;custom&#8220; align=&#8220;align_left&#8220; border_width=&#8220;3&#8243; el_width=&#8220;30&#8243; accent_color=&#8220;#147333&#8243;][vc_custom_heading text=&#8220;Highlights der Ausbildung&#8220; font_container=&#8220;tag:h3|text_align:left&#8220; google_fonts=&#8220;font_family:Montserrat%3Aregular%2C700|font_style:700%20bold%20regular%3A700%3Anormal&#8220; css=&#8220;.vc_custom_1661842446475{margin-bottom: 20px !important;}&#8220;][stm_icon_box title_holder=&#8220;h4&#8243; hover_pos=&#8220;none&#8220; icon=&#8220;fab fa-searchengin&#8220; icon_size=&#8220;30&#8243; icon_align=&#8220;left&#8220; icon_width=&#8220;35&#8243; icon_color=&#8220;#147333&#8243; box_text_color=&#8220;#555555&#8243; css=&#8220;.vc_custom_1666166251099{margin-bottom: 3px !important;padding-top: 0px !important;padding-right: 0px !important;padding-bottom: 0px !important;padding-left: 0px !important;}&#8220; css_icon=&#8220;.vc_custom_1666166251098{padding-left: 3px !important;}&#8220; title=&#8220;Reife- und Diplompr\u00fcfung&#8220;]\u00f6ffnet dir die Wege f\u00fcr alle Studien an Unis, Fachhochschulen und Akademien[\/stm_icon_box][stm_icon_box title_holder=&#8220;h4&#8243; hover_pos=&#8220;none&#8220; icon=&#8220;fa-icon-stm_icon_briefcase&#8220; icon_size=&#8220;30&#8243; icon_align=&#8220;left&#8220; icon_width=&#8220;35&#8243; icon_color=&#8220;#147333&#8243; box_text_color=&#8220;#555555&#8243; css=&#8220;.vc_custom_1661957317455{margin-bottom: 3px !important;padding-top: 0px !important;padding-right: 0px !important;padding-bottom: 0px !important;padding-left: 0px !important;}&#8220; css_icon=&#8220;.vc_custom_1661957317454{padding-left: 3px !important;}&#8220; title=&#8220;Unternehmerpr\u00fcfung&#8220;]sofortiger Berufseinstieg in s\u00e4mtlichen Bereichen der Wirtschaft, Verwaltung und Gastronomie m\u00f6glich[\/stm_icon_box][stm_icon_box title_holder=&#8220;h4&#8243; hover_pos=&#8220;none&#8220; icon=&#8220;fa-icon-stm_icon_handshake&#8220; icon_size=&#8220;30&#8243; icon_align=&#8220;left&#8220; icon_width=&#8220;35&#8243; icon_color=&#8220;#147333&#8243; box_text_color=&#8220;#555555&#8243; css=&#8220;.vc_custom_1667813789199{margin-bottom: 3px !important;padding-top: 0px !important;padding-right: 0px !important;padding-bottom: 0px !important;padding-left: 0px !important;}&#8220; css_icon=&#8220;.vc_custom_1667813789198{padding-left: 3px !important;}&#8220; title=&#8220;Abschluss entspricht den Lehrabschl\u00fcssen&#8220;]- Hotel- und Gastgewerbeassistent*in<br \/>\n&#8211; B\u00fcrokaufmann*-frau<br \/>\n&#8211; Restaurantfachmann*-frau<br \/>\n&#8211; Koch*K\u00f6chin[\/stm_icon_box][\/vc_column][vc_column width=&#8220;1\/2&#8243;][vc_single_image image=&#8220;2074&#8243; img_size=&#8220;full&#8220; css=&#8220;.vc_custom_1661957137340{margin-top: 16px !important;margin-bottom: 88px !important;}&#8220;][vc_tta_tabs color=&#8220;blue&#8220; alignment=&#8220;center&#8220; active_section=&#8220;1&#8243; css=&#8220;.vc_custom_1666166393974{background-color: #f0f2f5 !important;}&#8220;][vc_tta_section i_icon_fontawesome=&#8220;fa fa-table&#8220; add_icon=&#8220;true&#8220; title=&#8220;Stundentafel&#8220; tab_id=&#8220;1661840064698-609faaba-6d1e36a5-e3fc&#8220;][vc_single_image image=&#8220;8474&#8243; img_size=&#8220;medium&#8220; alignment=&#8220;center&#8220; onclick=&#8220;img_link_large&#8220; img_link_target=&#8220;_blank&#8220; css=&#8220;&#8220;][vc_btn title=&#8220;Stundentafel herunterladen&#8220; color=&#8220;primary&#8220; align=&#8220;center&#8220; i_icon_fontawesome=&#8220;fas fa-file-download&#8220; css=&#8220;&#8220; add_icon=&#8220;true&#8220; link=&#8220;url:https%3A%2F%2Fwww.hlwkrieglach.at%2Fhlwneu%2Fwp-content%2Fuploads%2F2026%2F01%2FStundentafel_HLW_25_26.pdf|target:_blank&#8220;][\/vc_tta_section][vc_tta_section i_icon_fontawesome=&#8220;fa-icon-stm_icon_diploma_paper&#8220; add_icon=&#8220;true&#8220; title=&#8220;Zusatzausbildungen&#8220; tab_id=&#8220;1661840064679-d7b3e64d-89a136a5-e3fc&#8220;][stm_icon_box hover_pos=&#8220;none&#8220; icon=&#8220;fa fa-walking&#8220; icon_align=&#8220;left&#8220; icon_color=&#8220;#147333&#8243; title=&#8220;Nordic Walking \u00dcbungsleiter\/in&#8220; link=&#8220;target:_blank&#8220;]<\/p>\n<div class=\"post_type_exist clearfix\">\n<div id=\"pl-1223\" class=\"panel-layout\">\n<div id=\"pg-1223-0\" class=\"panel-grid panel-no-style\">\n<div id=\"pgc-1223-0-1\" class=\"panel-grid-cell\">\n<div id=\"panel-1223-0-1-0\" class=\"so-panel widget widget_sow-editor panel-first-child panel-last-child\" data-index=\"1\">\n<div class=\"so-widget-sow-editor so-widget-sow-editor-base\">\n<div class=\"siteorigin-widget-tinymce textwidget\">\n<p>In 16 Stunden Theorie und Praxis lernst du die Schritte vom Walken zum Nordic Walken, die richtigen Gehtechniken im Gel\u00e4nde und in der Ebene, sowie die Geschichte dieser Sportart und die gesundheitlichen Aspekte von Nordic Walking.<\/p>\n<p>Die Pr\u00fcfung besteht aus einem schriftlichen theoretischen Teil und einem praktischen Teil in Form eines Lehrauftrittes.<\/p>\n<p>Kosten: 25,00 \u20ac (Pr\u00fcfungsunterlagen, Pr\u00fcfungsgeb\u00fchr und Zertifikat)<\/p>\n<p>Mit dem Zertifikat bist du berechtigt eigenst\u00e4ndig Gruppen jeden Alters zu f\u00fchren. Du kannst dieses Zertifikat auch den Bewerbungsunterlagen f\u00fcr dein Praktikum beilegen oder dich bei Gemeinden und Volkshochschulen bewerben.<\/p>\n<\/div>\n<\/div>\n<\/div>\n<\/div>\n<\/div>\n<\/div>\n<\/div>\n<p>[\/stm_icon_box][stm_icon_box hover_pos=&#8220;none&#8220; icon=&#8220;fas fa-seedling&#8220; icon_align=&#8220;left&#8220; icon_color=&#8220;#147333&#8243; title=&#8220;Ausbildung zur vegan-vegetarischen Fachkraft&#8220;]<\/p>\n<div class=\"siteorigin-widget-tinymce textwidget\">\n<div class=\"siteorigin-widget-tinymce textwidget\">\n<div class=\"the_content the_content_wrapper\">\n<div id=\"pl-5789\" class=\"panel-layout\">\n<div id=\"pg-5789-0\" class=\"panel-grid panel-no-style\">\n<div id=\"pgc-5789-0-0\" class=\"panel-grid-cell\">\n<div id=\"panel-5789-0-0-0\" class=\"so-panel widget widget_sow-editor panel-first-child panel-last-child widgetopts-SO\" data-index=\"0\">\n<div class=\"so-widget-sow-editor so-widget-sow-editor-base\">\n<div class=\"siteorigin-widget-tinymce textwidget\">\n<p>Die pflanzenbetonte K\u00fcche erlebt zurzeit ein beispielloses Wachstum. Gesunde, nachhaltige und fleischreduzierte Gerichte liegen stark im Trend.<\/p>\n<p>Ziel des Zertifikats-Lehrganges ist es, das Fachwissen einer pflanzenbasierten Ern\u00e4hrung und Kompetenzen im pflanzenbasierten Kochen zu erlangen.<\/p>\n<p>Inhalte:<\/p>\n<ul>\n<li>Entwicklung von Einsicht, Offenheit und Verst\u00e4ndnis f\u00fcr die Ideen und Trends der pflanzlichen K\u00fcche<\/li>\n<li>Zubereitung von kreativen, geschmackvollen, ausgewogenen pflanzlichen Gerichten mit dem Fokus auf Gesundheit, Nachhaltigkeit und Ethik<\/li>\n<\/ul>\n<p>Der Zertifikatslehrgang schlie\u00dft mit einer dreiteiligen Zertifikatspr\u00fcfung ab (schriftlicher, m\u00fcndlicher und praktischer Teil).<\/p>\n<\/div>\n<\/div>\n<\/div>\n<\/div>\n<\/div>\n<\/div>\n<\/div>\n<\/div>\n<\/div>\n<p>[\/stm_icon_box][stm_icon_box hover_pos=&#8220;none&#8220; icon=&#8220;fas fa-allergies&#8220; icon_align=&#8220;left&#8220; icon_color=&#8220;#147333&#8243; title=&#8220;Diplomierte*r Hygienemanager*in&#8220;]<\/p>\n<div class=\"siteorigin-widget-tinymce textwidget\">\n<div class=\"siteorigin-widget-tinymce textwidget\">\n<div class=\"the_content the_content_wrapper\">\n<div id=\"pl-5789\" class=\"panel-layout\">\n<div id=\"pg-5789-0\" class=\"panel-grid panel-no-style\">\n<div id=\"pgc-5789-0-0\" class=\"panel-grid-cell\">\n<div id=\"panel-5789-0-0-0\" class=\"so-panel widget widget_sow-editor panel-first-child panel-last-child widgetopts-SO\" data-index=\"0\">\n<div class=\"so-widget-sow-editor so-widget-sow-editor-base\">\n<div class=\"siteorigin-widget-tinymce textwidget\">\n<div class=\"siteorigin-widget-tinymce textwidget\">\n<p>Dieser Zertifikats-Lehrgang bietet eine fundierte Ausbildung im Umgang mit den neuen Hygieneverordnungen f\u00fcr die Gastronomie und den Lebensmittelbereich.<\/p>\n<p>Inhalte:<\/p>\n<ul>\n<li>Erstellen von Hygienemanagementkonzepten und Pr\u00fcfprotokollen<\/li>\n<li>Durchf\u00fchrung der Eigenkontrolle nach den Grunds\u00e4tzen von HACCP<\/li>\n<li>Schulung der Mitarbeiter auf dem Gebiet der Betriebshygiene<\/li>\n<\/ul>\n<p>Der Zertifikatslehrgang schlie\u00dft mit einer zweiteiligen Zertifikatspr\u00fcfung ab (schriftlicher und m\u00fcndlicher Teil).<\/p>\n<\/div>\n<\/div>\n<\/div>\n<\/div>\n<\/div>\n<\/div>\n<\/div>\n<\/div>\n<\/div>\n<\/div>\n<p>[\/stm_icon_box][stm_icon_box hover_pos=&#8220;none&#8220; icon=&#8220;fas fa-cocktail&#8220; icon_align=&#8220;left&#8220; icon_color=&#8220;#147333&#8243; title=&#8220;Barkeeperschulung&#8220; link=&#8220;url:https%3A%2F%2Fwww.hlwkrieglach.at%2Fhlwneu%2Fwp-content%2Fuploads%2F2020%2F11%2FB%25C3%25BCrofachkraft-im-medizinischen-Bereich-2.pdf|title:Infoblatt%20B%C3%BCrofachkraft%20im%20medizinischen%20Bereich|target:_blank&#8220;]Zu Beginn des 3. Jahrgangs\u00a0 bieten wir ein Cocktailseminar an, welches von der 1. \u00d6sterreichischen Barkeeperschule durchgef\u00fchrt wird.<\/p>\n<p>Der Kurs vermittelt dir einen \u00dcberblick \u00fcber die spannende Welt des Barkeepings. Hier lernst du die wichtigsten Grundregeln des Barmixens, Wissenswertes \u00fcber die Basisgetr\u00e4nke und Gl\u00e4serarten. Nat\u00fcrlich wird auch geshakt, ger\u00fchrt und verkostet.[\/stm_icon_box][stm_icon_box hover_pos=&#8220;none&#8220; icon=&#8220;fas fa-wine-bottle&#8220; icon_align=&#8220;left&#8220; icon_color=&#8220;#147333&#8243; title=&#8220;Jungsommeli\u00e8r\/e&#8220; link=&#8220;target:_blank&#8220;]<\/p>\n<div class=\"post_type_exist clearfix\">\n<div id=\"pl-1236\" class=\"panel-layout\">\n<div id=\"pg-1236-0\" class=\"panel-grid panel-no-style\">\n<div id=\"pgc-1236-0-1\" class=\"panel-grid-cell\">\n<div id=\"panel-1236-0-1-0\" class=\"so-panel widget widget_sow-editor panel-first-child panel-last-child\" data-index=\"1\">\n<div class=\"so-widget-sow-editor so-widget-sow-editor-base\">\n<div class=\"siteorigin-widget-tinymce textwidget\">\n<p><strong>M\u00f6chtest du Wein auf eine besondere Art und Weise kennen lernen?<\/strong><\/p>\n<p>Du hast bei uns die M\u00f6glichkeit im 3. Jahrgang den Ausbildungslehrgang \u201e Jungsommelier\/e\u00a0 \u00d6sterreich\u201c zu besuchen.<\/p>\n<p>Die Ausbildung umfasst einerseits umfangreiches Wissen \u00fcber Wein und diverse andere Getr\u00e4nke sowie die Grundlagen der Degustationstechnik. Ein Schwerpunkt stellt auch die Harmonie von Speisen und Getr\u00e4nken dar.<\/p>\n<p>Die Zusatzqualifikation schlie\u00dft mit einer schriftlichen, praktischen und sensorischen Pr\u00fcfung ab.<\/p>\n<\/div>\n<\/div>\n<\/div>\n<\/div>\n<\/div>\n<\/div>\n<\/div>\n<div class=\"clearfix\"><\/div>\n<p>[\/stm_icon_box][stm_icon_box hover_pos=&#8220;none&#8220; icon=&#8220;fa-icon-stm_icon_brain&#8220; icon_align=&#8220;left&#8220; icon_color=&#8220;#147333&#8243; title=&#8220;Vital4Brain Peers&#8220; link=&#8220;target:_blank&#8220;]<\/p>\n<div class=\"siteorigin-widget-tinymce textwidget\">\n<p>M\u00fcde? Unkonzentriert?<\/p>\n<p>Unsere Vital4Brain-Peers machen euch mit wenigen \u00dcbungen wieder fit \u2013 macht einfach mit!<\/p>\n<p>&nbsp;<\/p>\n<\/div>\n<p>[\/stm_icon_box][stm_icon_box hover_pos=&#8220;none&#8220; icon=&#8220;rtl_demo-cert&#8220; icon_align=&#8220;left&#8220; icon_color=&#8220;#147333&#8243; title=&#8220;FCE-FIRST Certificate in Englisch&#8220; link=&#8220;target:_blank&#8220;]<\/p>\n<div class=\"siteorigin-widget-tinymce textwidget\">\n<div class=\"post_type_exist clearfix\">\n<div id=\"pl-938\" class=\"panel-layout\">\n<div id=\"pg-938-0\" class=\"panel-grid panel-no-style\">\n<div id=\"pgc-938-0-0\" class=\"panel-grid-cell\">\n<div id=\"panel-938-0-0-0\" class=\"so-panel widget widget_sow-editor panel-first-child panel-last-child\" data-index=\"0\">\n<div class=\"so-widget-sow-editor so-widget-sow-editor-base\">\n<div class=\"siteorigin-widget-tinymce textwidget\">\n<p><em>Cambridge English: First<\/em>, auch bekannt als\u00a0<em>First Certificate in English (FCE)<\/em>, ist eine Qualifikation auf h\u00f6herem Mittelstufenniveau. Sie belegt, dass du geschriebenes und gesprochenes Alltagsenglisch f\u00fcr Berufs- und Studienzwecke anwenden kannst.<\/p>\n<\/div>\n<\/div>\n<\/div>\n<\/div>\n<\/div>\n<\/div>\n<\/div>\n<p>&nbsp;<\/p>\n<\/div>\n<p>[\/stm_icon_box][stm_icon_box hover_pos=&#8220;none&#8220; icon=&#8220;fas fa-medkit&#8220; icon_align=&#8220;left&#8220; icon_color=&#8220;#147333&#8243; title=&#8220;Erste-Hilfe-Kurs&#8220;]<\/p>\n<div class=\"siteorigin-widget-tinymce textwidget\">\n<div class=\"siteorigin-widget-tinymce textwidget\">\n<p>In der ersten Klasse (egal welcher Schultyp) absolvierst du einen Grundkurs f\u00fcr Erste Hilfe im Ausma\u00df von 16 Stunden. Unsere Erste-Hilfe-beauftragten-LehrerInnen zeigen dir die richtigen Handgriffe bei der stabilen Seitenlage, erkl\u00e4ren dir die Wiederbelebung, den Druckverband oder das Entfernen eines Motorradhelmes nach einem Unfall.<\/p>\n<p>Mit diesem Wissen kannst du der Ersten-Hilfe-Pflicht ohne Probleme nachkommen. <strong>Weiters ist dieser Erste-Hilfe-Kurs bereits f\u00fcr deinen F\u00fchrerschein g\u00fcltig.<\/strong><\/p>\n<\/div>\n<\/div>\n<p>[\/stm_icon_box][stm_icon_box hover_pos=&#8220;none&#8220; icon=&#8220;fas fa-laptop-medical&#8220; icon_align=&#8220;left&#8220; icon_color=&#8220;#147333&#8243; title=&#8220;B\u00fcrofachkraft im medizinischen Bereich&#8220; link=&#8220;url:https%3A%2F%2Fwww.hlwkrieglach.at%2Fhlwneu%2Fwp-content%2Fuploads%2F2020%2F11%2FB%25C3%25BCrofachkraft-im-medizinischen-Bereich-2.pdf|title:Infoblatt%20B%C3%BCrofachkraft%20im%20medizinischen%20Bereich|target:_blank&#8220;]<\/p>\n<div class=\"siteorigin-widget-tinymce textwidget\">\n<div class=\"siteorigin-widget-tinymce textwidget\">\n<p><span id=\"page139R_mcid19\" class=\"markedContent\"><span dir=\"ltr\" role=\"presentation\">Ziel dieses Lehrgangs ist die berufliche Vorbereitung auf die B\u00fcrot\u00e4tigkeit im Gesundheitsbereich \u2013 <\/span><span dir=\"ltr\" role=\"presentation\">egal, ob im Krankenhaus, in einer Arztpraxis, im Pflegebereich oder in \u00e4hnlichen Einrichtungen der<\/span> <span dir=\"ltr\" role=\"presentation\">medizinischen Versorgung.<\/span><\/span><span id=\"page139R_mcid20\" class=\"markedContent\"><br role=\"presentation\" \/><span dir=\"ltr\" role=\"presentation\">Neben grundlegenden Kenntnissen \u00fcber Anatomie, Terminologie und Krankengeschichte werden<\/span> <span dir=\"ltr\" role=\"presentation\">auch Inhalte wie Organisationsstrukturen, Dienstplangestaltung und B\u00fcroorganisation vermittelt.<\/span><br role=\"presentation\" \/><span dir=\"ltr\" role=\"presentation\"><br \/>\n<\/span><\/span><\/p>\n<\/div>\n<\/div>\n<p>[\/stm_icon_box][stm_icon_box hover_pos=&#8220;none&#8220; icon=&#8220;fas fa-mail-bulk&#8220; icon_align=&#8220;left&#8220; icon_color=&#8220;#147333&#8243; title=&#8220;MOS Microsoft Office Specialist&#8220; link=&#8220;url:https%3A%2F%2Fwww.bmbwf.gv.at%2FThemen%2Fschule%2Fzrp%2Fdibi%2Fitinf%2Fit_angebote%2Fit_zert.html|title:Weitere%20Infos%20zum%20MOS%20Zertifikat|target:_blank&#8220;]<\/p>\n<div class=\"siteorigin-widget-tinymce textwidget\">\n<div class=\"post_type_exist clearfix\">\n<div id=\"pl-938\" class=\"panel-layout\">\n<div id=\"pg-938-0\" class=\"panel-grid panel-no-style\">\n<div id=\"pgc-938-0-0\" class=\"panel-grid-cell\">\n<div id=\"panel-938-0-0-0\" class=\"so-panel widget widget_sow-editor panel-first-child panel-last-child\" data-index=\"0\">\n<div class=\"so-widget-sow-editor so-widget-sow-editor-base\">\n<div class=\"siteorigin-widget-tinymce textwidget\">\n<div class=\"icon_text\">\n<div class=\"siteorigin-widget-tinymce textwidget\">\n<p><abbr lang=\"\" title=\"Microsoft Office Specialist\">MOS<\/abbr>-Zertifizierungen sind international standardisierte Hersteller-Zertifikate und am Arbeitsmarkt hoch anerkannt. Sie best\u00e4tigen Kompetenzen zur optimalen Nutzung von Office-Programmen im beruflichen Umfeld. Sie bieten eine wertvolle M\u00f6glichkeit, sich in der Arbeitswelt von der breiten Masse abzuheben.<\/p>\n<\/div>\n<\/div>\n<\/div>\n<\/div>\n<\/div>\n<\/div>\n<\/div>\n<\/div>\n<\/div>\n<p>&nbsp;<\/p>\n<\/div>\n<p>[\/stm_icon_box][\/vc_tta_section][\/vc_tta_tabs][\/vc_column][\/vc_row][vc_row disable_element=&#8220;yes&#8220;][vc_column][vc_cta h2=&#8220;Interessiert?&#8220; h2_font_container=&#8220;tag:h3|text_align:left&#8220; h2_google_fonts=&#8220;font_family:Montserrat%3Aregular%2C700|font_style:700%20bold%20regular%3A700%3Anormal&#8220; add_button=&#8220;right&#8220; btn_title=&#8220;Infos zur Anmeldung&#8220; btn_color=&#8220;primary&#8220; btn_size=&#8220;lg&#8220; btn_align=&#8220;right&#8220; btn_i_icon_fontawesome=&#8220;far fa-arrow-alt-circle-right&#8220; use_custom_fonts_h2=&#8220;true&#8220; btn_add_icon=&#8220;true&#8220; btn_link=&#8220;url:https%3A%2F%2Fwww.hlwkrieglach.at%2Fhlwneu%2Fschueleranmeldung%2F|title:Sch%C3%BCleranmeldung&#8220;]Wir freuen uns auf deine Anmeldung f\u00fcrs n\u00e4chste Schuljahr :)[\/vc_cta][\/vc_column][\/vc_row]<\/p>\n<\/div>","protected":false},"excerpt":{"rendered":"<p>[vc_row css=&#8220;.vc_custom_1435816078010{margin-bottom: 15px !important;}&#8220;][vc_column width=&#8220;1\/2&#8243;][vc_column_text css=&#8220;.vc_custom_1666166153339{margin-bottom: 32px !important;}&#8220;]Die 5-j\u00e4hrige HLW schlie\u00dft mit der Reife- und Diplompr\u00fcfung ab. Neben der allgemeinen, wirtschaftlichen und gastronomischen Ausbildung besch\u00e4ftigst du dich in der Vertiefung au\u00dferdem theoretisch und praktisch mit Sport, Ern\u00e4hrung und Gesundheitsf\u00f6rderung. Dabei werden Themen wie Sportphysiologie und -anatomie, verschiedene Trainingsmethoden und M\u00f6glichkeiten zur Stresspr\u00e4vention behandelt. Fun und [&hellip;]<\/p>\n","protected":false},"author":1,"featured_media":0,"parent":8,"menu_order":0,"comment_status":"closed","ping_status":"closed","template":"","meta":{"footnotes":""},"class_list":["post-6078","page","type-page","status-publish","hentry"],"_links":{"self":[{"href":"https:\/\/www.hlwkrieglach.at\/hlwneu\/wp-json\/wp\/v2\/pages\/6078","targetHints":{"allow":["GET"]}}],"collection":[{"href":"https:\/\/www.hlwkrieglach.at\/hlwneu\/wp-json\/wp\/v2\/pages"}],"about":[{"href":"https:\/\/www.hlwkrieglach.at\/hlwneu\/wp-json\/wp\/v2\/types\/page"}],"author":[{"embeddable":true,"href":"https:\/\/www.hlwkrieglach.at\/hlwneu\/wp-json\/wp\/v2\/users\/1"}],"replies":[{"embeddable":true,"href":"https:\/\/www.hlwkrieglach.at\/hlwneu\/wp-json\/wp\/v2\/comments?post=6078"}],"version-history":[{"count":27,"href":"https:\/\/www.hlwkrieglach.at\/hlwneu\/wp-json\/wp\/v2\/pages\/6078\/revisions"}],"predecessor-version":[{"id":9126,"href":"https:\/\/www.hlwkrieglach.at\/hlwneu\/wp-json\/wp\/v2\/pages\/6078\/revisions\/9126"}],"up":[{"embeddable":true,"href":"https:\/\/www.hlwkrieglach.at\/hlwneu\/wp-json\/wp\/v2\/pages\/8"}],"wp:attachment":[{"href":"https:\/\/www.hlwkrieglach.at\/hlwneu\/wp-json\/wp\/v2\/media?parent=6078"}],"curies":[{"name":"wp","href":"https:\/\/api.w.org\/{rel}","templated":true}]}}